2 + 1 + -2557 + 2570 + -1 + -25.
-44
What is (38 - (-20 + 41)) + -22 + 83 - -7?
85
Evaluate 25 + (-1 - 23) - (1 - -17).
-17
-643 + 647 + (-3 + 6 + -2 + 0 - 19)
-14
Evaluate 79 + -20 + (92 - 99).
52
What is -2 + 4 + -41 + 14 - (10 + -9)?
-26
What is the value of -18 + -4 + 69 + -36 + -19?
-8
What is the value of 0 + 0 - (-105 + 112 + -54 + 6)?
41
Evaluate (-12 - 0) + (7 - (-15 + (-14 + 4 - -39))).
-19
What is ((20 - 41) + 9 - -17) + (1 - 27)?
-21
(1 + -2 - -21) + -4 - (-893 + 972)
-63
Evaluate -47 - (8 + -10 + (-15 - -24)).
-54
What is the value of (65 - 45) + -89 - -123?
54
What is -164 + 12 + 22 + 213?
83
What is the value of (19 - ((25 - 44) + 45)) + 104?
97
Calculate (34 - -20) + 22 - 64.
12
What is the value of -33 + 63 + -109 - -89?
10
What is (-33 - 0 - (-45 + 8 + 47)) + 11?
-32
Calculate -28 + (-17 - (-19 - 12)) - (7 - -57).
-78
Calculate -189 - (-53 + -10 + -18).
-108
Calculate (1 - (0 + -68)) + (-250 - -233 - (3 - 7)).
56
Calculate -135 - (-19 + 6 + (1 - 9)) - -1.
-113
Evaluate 2 + 17 + 4 + (-5 - -2) - (285 + -293).
28
What is the value of -142 + (28 - (110 + -188))?
-36
-20 - ((-11 - 39) + 47) - (-1 + -78)
62
-4859 - -4859 - (2 - 29 - -2)
25
What is (2 - ((58 - -7) + -7)) + (17 + -6 - 25)?
-70
What is the value of 57 + -2 + 2 + (-17 - (-17 + -4))?
61
What is -11 + (35 - -32) - 50?
6
Calculate 21 + -6 + (-28 - -14) - (-10 - 56).
67
Calculate (37 - (-11 - -57)) + (-6 - -5) + 26.
16
What is the value of -41 + (5 - ((11 - 17) + -7 + 15 + 3))?
-41
Evaluate 6 + -1 + (-497 - -514) + 12.
34
Evaluate 2 - (8 - 19) - (-18 + 3 + -1).
29
Evaluate (-3261 - -3256) + (17 - (2 + -1)).
11
What is 105 - ((-18 + 26 - 11) + (1 - 5))?
112
What is the value of 3 - 9 - 66 - ((32 - 13) + -21)?
-70
What is -1 + (-1 - 63) + (-546 - -576)?
-35
What is the value of 12 + 5 + -7 + 2?
12
Calculate -55 + -127 + (6 - -99).
-77
Evaluate 32 - ((28 - 33) + -14 - 15).
66
Calculate -9 - -2 - (29 + (10 - 12)) - 7.
-41
What is the value of (-1 + 2 - -6) + -1 + -454 + 465?
17
What is 112 + -55 + (35 - 11)?
81
Evaluate -1464 + 1522 + 1 + -17.
42
What is (97 - (8 - 3) - 9 - 10 - -2) + -10?
65
What is 1 - (-14 - 0) - (-271 + 283)?
3
What is the value of -4 + 17 + 39 + 45 - (-1 - 1 - 9)?
108
Calculate -1 + (37 - ((9 - 4) + (2 - 10))).
39
Calculate 1 - -7 - (8 - (9 + -26 + -11)).
-28
What is 11 + -102 + (-10 - (-8 - (-3 - -5)))?
-91
Calculate (227 - 39) + -165 - (131 + -1).
-107
What is 42 - (28 + -15 + -16 + (2 - (-6 + 5)))?
42
What is 1 + 3 + 0 + (63 - (-20 - -46))?
41
Calculate (-52 - -2) + 1684 + -1597.
37
Evaluate -4 + -5 - (-11 - (7 - -11 - 22)).
-2
Calculate -15 + -11 + 14 - (0 - 12) - (-68 - 8).
76
What is 13 - -1 - ((30 - 10 - -18) + -7)?
-17
Evaluate 20 + -80 + 80 - (-1 + 2) - -2.
21
-9 + (7 + -5 - 5) + -7 + -9 + 7
-21
29 - (-1 + 31 - 36)
35
Calculate (51 - 125) + 46 + (-9 - 1).
-38
185 + -105 + -195 - -205
90
Evaluate -17 + 0 - (-44 - (-2 + 116 - 27)).
114
1 - (-1 + 5 + (739 - 759))
17
(-2594 - -2660) + (-37 - 1)
28
What is the value of 20 - ((10 - 58) + 100)?
-32
-9 + (-11 - 69) + 60 + -40
-69
Calculate -6 - (-6 - -5 - (31 - 2)).
24
What is 21 + -2 - (-20 - (-24 - (3 + (-12 - -6))))?
18
Evaluate (6 - (10 + -12 - -33) - -9) + (-1 - -1).
-16
Calculate -13 - (35 + 20 + -9 + 0 + -9).
-50
Calculate 1 + (-24 - -16) + 1 + -5 + -1 + 10.
-2
What is the value of 7 - ((62 + -48 - (28 + -1)) + 14) - -8?
14
Evaluate (-94 - 1) + (23531 - 23503).
-67
What is 16 - (21 - (53 + -20) - 3)?
31
Calculate (4 - -22) + -38 + 28 + (5 - 96).
-75
(1 - -15 - 3) + -2 - (0 + -5 + -1)
17
What is the value of (218 - 313) + -12 + 30?
-77
What is the value of -21 + 10 + 21 + (-1 - -14) - -10?
33
What is the value of 2 - (40 + 4 - (-21 - -18))?
-45
Evaluate -11 + (-14 + 0 + (-4 - -2) - (838 - 832)).
-33
Evaluate (-11 + 2 + 1 - (-5 - (7 - -8))) + 2.
14
What is -26 + (20 - (45 - -15)) + -13?
-79
What is 39 + -27 + -7 - -7 - (13 + 1)?
-2
Evaluate (-4287 - -4347) + (-53 - -2).
9
Evaluate 16 + (98 - 78 - (-1 + -4)).
41
What is the value of (-12 - (-9 - 13) - -8) + -47?
-29
What is 6 + (7 - 40) + (1 - (11 + -21 - -18))?
-34
What is -327 - -354 - (44 - -4)?
-21
Evaluate (6 - 15) + (-2 - (13 - 20)).
-4
-18 - (-3 + (1 - 7) + -4 - -4)
-9
Evaluate -19 + (65 + -49 - -59 - (-8 + 0)).
64
What is (2 + -4 - 1) + -40 - (-221 + 217)?
-39
Calculate (-35 - -23) + (-2 - ((11 - 22) + -10)).
7
What is the value of 8 + 0 + (49 + -6 - 18 - 84)?
-51
What is 2 - (0 + -34) - (-647 - -654)?
29
Evaluate 30 + 0 - ((132 - 160) + 121).
-63
What is the value of 3 + -14 - 22 - (4 + -7 + 5)?
-35
What is the value of (42 - (-54 + 95)) + 27?
28
-252 + (-40 - -135) - -88
-69
What is (-26 - -3 - (40 - 53)) + 26?
16
What is 34 - (0 + 15 + -18 + (9 - (-2 + 3)))?
29
What is the value of (9 - ((-2 + -6 - -5) + 11)) + -39?
-38
What is (25 - 46) + (0 - (-3 + (2 - 3)))?
-17
What is the value of (0 - -1) + -14 + (-5529 - -5541)?
-1
1 + 33 - (-565 + 229 + 295)
75
What is 26 + (3 - 1) + (-16 - (29 + -33))?
16
Calculate 4 + 27 - -10 - (28 + -14).
27
(31 - 24) + (2 - 3) + -193 + 147
-40
Evaluate (13 - -1) + (122 - (198 - 94)).
32
Evaluate -42 + -50 + 105 - ((46 - -3) + 3).
-39
Evaluate 13 - (-29 - (18 + -18)).
42
Evaluate 19 + 1 - (-1 - (13 - -6 - 14)).
26
What is 2 - -5 - (107 + -101 + 25)?
-24
What is the value of (-103 - -62) + -50 + (-1 - (-14 + -3))?
-75
(6 - (23 - 10) - 1) + 52 + 8
52
What is the value of 37 + (-45 + 33 - (-9 + 1) - -1)?
34
Evaluate -1 - -21 - (-2 + (9 - (15 - 10)) - -9).
9
What is the value of 10 - (-21 - ((-7 - (7 - 4 - 5)) + 11))?
37
Evaluate (-6 - 87) + 527 + -446.
-12
Evaluate (2 - 132) + (-4981 - -5034).
-77
What is the value of -97 - 27 - (-251 + 3)?
124
Calculate -12 - 0 - (-28 - (-62 + 44 + -14)).
-16
Calculate (-8 - -2 - (46 + (1 - -2))) + -25 + 34.
-46
What is the value of 86 + -67 + (-90 - -121)?
50
-8 - (35 + 11 + -36)
-18
Evaluate -42 - (-26 + -21 + -6).
11
What is -23 - ((-25 - 12) + 34 + (3 - 0))?
-23
Evaluate (-81 - (-163 - -35)) + (-1 - (6 + 3)).
37
What is (2 + 33 - (58 + -49)) + -76?
-50
-1 + -16 - (280 + -302 - (1 - 36))
-30
What is -5 - (84 + (-37 - 15))?
-37
What is -52 + 88 - (-67 - -108)?
-5
Evaluate 1 + -12 - (-89 + (-4 - -56)).
26
Evaluate -12 + (49 - (0 - -1 - (-90 + 102))).
48
What is the value of -57 + 71 - (4 - (-3 - -55))?
62
What is (67 + 22 - 68) + (5 - ((-3 - -6) + -3))?
26
Calculate (61 - (135 + -69)) + -29.
-34
What is the value of (17 - (-31 - -21) - (4 + 1)) + 1?
23
What is (-74 + 137 - -15) + -11?
67
What is 5 + -5 + -34 + 87 - (5 - -1)?
47
Evaluate 46 - (124 - 5 - 53).
-20
Evaluate -2 + (-1 - -13) - (107 + 83 - 198).
18
Calculate -3 + -2 + (-133 - (-28 + (6 - 16))).
-100
What is the value of -13 - -1 - (-144 + 57 - -7)?
68
What is (-66 + 81 - 35) + 96?
76
What is -2918 + 2965 + (-120 - -1)?
-72
Calculate (-65 - -3) + -51 + 124.
11
Calculate (1 - 26) + (152 - (74 + 89)).
-36
Evaluate 102 + 3 - 38 - (4 + 2).
61
(-58 - -74 - 16) + 19 + -3
16
What is -71 + (-3 - (-23 + -17))?
-34
Calculate 29 + 75 + (-46 - 68).
-10
(-48 - (-28 - -14)) + 43 + -2 + 61
68
Evaluate -11 - 3 - (276 + -250).
-40
What is the value of (21 - (1 + -6)) + -87 + 18?
-43
What is the value of (-23 - (-36 - 25)) + -47 - -34?
25
249 + -249 - (31 - (3 - 2 - 1))
-31
Calculate -57 + 40 + -46 + (5 - (3 + 3)) + 0.
-64
What is the value of 0 + -4 + (-10 + 11 - -9) - -4?
10
What is 1 + -35 - (-38 - (81 - 134))?
-49
What is (6 - (8 - -8)) + 20 - (-37 - 0)?
47
Evaluate 2 - -1 - (-3812 + 3843).
-28
What is 2347 + -2340 + (3 - (-3 + (3 - 0))) + 53?
63
What is -5 - (-1 - 7) - ((-14 - 22) + 2 - -2)?
35
What is (36 - 1) + (3606 - 3617)?
24
Calculate 115 + 1 - (-6839 + 6909).
46
Evaluate (5 - -38) + 0 + -10 + (-25 - -18 - -20).
46
Evaluate -10 - (10 + (14 - -21) - 33).
-22
Evaluate (-14 - 6 - -14) + 0 - 11.
-17
Evaluate 4 + -4 + 2 + 42 + 2 + (257 - 260).
43
What is -30 - (-25 - -3 - 8) - -28?
28
What is (93 - -1) + -5 + (39 - (23 + 29))?
76
What is 18 + (26 - 20) + -30 + -2?
-8
Evaluate (-60 - (-1 - -1)) + 45 + -3 + (47 - 85).
-56
What is (-1 - 63) + (-4333 - -4292)?
-105
2 - 16 - (-8 - (29 - 5))
18
What is -9 - (73 + -38) - -69?
25
17 - (32 - (2 + 18)) - (-9 + 4)
10
What is -1 - (38 - (47 + -19) - 12)?
1
What is (16274 - 16361) + 58 + 1?
-28
50 - (-27 + 17 + 61)
-1
What is the value of (13 - (5 - 13)) + -6 - -7?
22
31 + (324 + -128 - 14